{"id":2905,"date":"2026-02-06T17:06:53","date_gmt":"2026-02-06T15:06:53","guid":{"rendered":"https:\/\/bk-site-amp74.top\/?page_id=2905"},"modified":"2026-02-06T17:06:53","modified_gmt":"2026-02-06T15:06:53","slug":"company-policy-az","status":"publish","type":"page","link":"https:\/\/bk-site-amp74.top\/az\/company-policy-az\/","title":{"rendered":"Company policy-az"},"content":{"rendered":"<h1>M\u0259xfilik Siyas\u0259ti<\/h1>\n<p>https:\/\/1xbet.com veb-sayt\u0131 \u015f\u0259xsi m\u0259lumatlar\u0131n\u0131za n\u0259zar\u0259t ed\u0259n 1xBet-\u0259 m\u0259xsusdur.<\/p>\n<p>Biz https:\/\/1xbet.com t\u0259r\u0259find\u0259n toplanan m\u0259lumatlarla nec\u0259 davrand\u0131\u011f\u0131m\u0131z\u0131 v\u0259 sizin haqq\u0131n\u0131zda m\u00fc\u0259yy\u0259n \u015f\u0259xsi m\u0259lumatlar\u0131 toplama\u011f\u0131m\u0131z\u0131n s\u0259b\u0259bl\u0259rini m\u00fc\u0259yy\u0259n ed\u0259n bu M\u0259xfilik Siyas\u0259tind\u0259n istifad\u0259 edirik. Buna g\u00f6r\u0259 d\u0259, https:\/\/1xbet.com sayt\u0131ndan istifad\u0259 etm\u0259zd\u0259n \u0259vv\u0259l bu M\u0259xfilik Siyas\u0259tini oxumal\u0131s\u0131n\u0131z.<\/p>\n<p>Biz sizin \u015f\u0259xsi m\u0259lumatlar\u0131n\u0131za \u0259h\u0259miyy\u0259t veririk v\u0259 onlar\u0131n m\u0259xfiliyin\u0259 v\u0259 t\u0259hl\u00fck\u0259sizliyin\u0259 z\u0259man\u0259t veririk.<\/p>\n<h2>Toplad\u0131\u011f\u0131m\u0131z \u015f\u0259xsi m\u0259lumatlar:<\/h2>\n<p>Siz https:\/\/1xbet.com sayt\u0131na daxil oldu\u011funuz zaman biz avtomatik olaraq cihaz\u0131n\u0131z haqq\u0131nda m\u00fc\u0259yy\u0259n m\u0259lumatlar\u0131, o c\u00fcml\u0259d\u0259n veb brauzeriniz, IP \u00fcnvan\u0131n\u0131z, saat qur\u015fa\u011f\u0131 v\u0259 s. v\u0259 cihaz\u0131n\u0131zda qura\u015fd\u0131r\u0131lm\u0131\u015f b\u0259zi kukil\u0259r haqq\u0131nda m\u0259lumat toplay\u0131r\u0131q. Bundan \u0259lav\u0259, siz Sayt\u0131 n\u0259z\u0259rd\u0259n ke\u00e7ir\u0259rk\u0259n biz baxd\u0131\u011f\u0131n\u0131z ayr\u0131-ayr\u0131 s\u0259hif\u0259l\u0259r v\u0259 ya m\u0259hsullar, hans\u0131 saytlar v\u0259 ya axtar\u0131\u015f terminl\u0259ri sizi Sayta y\u00f6nl\u0259ndirdiyi v\u0259 Saytla nec\u0259 qar\u015f\u0131l\u0131ql\u0131 \u0259laq\u0259d\u0259 oldu\u011funuz haqq\u0131nda m\u0259lumat toplay\u0131r\u0131q. Biz bu avtomatik toplanm\u0131\u015f m\u0259lumat\u0131 \u201cCihaz m\u0259lumat\u0131\u201d adland\u0131r\u0131r\u0131q. Bundan \u0259lav\u0259, m\u00fcqavil\u0259ni yerin\u0259 yetirm\u0259k \u00fc\u00e7\u00fcn qeydiyyat zaman\u0131 biz\u0259 t\u0259qdim etdiyiniz \u015f\u0259xsi m\u0259lumatlar\u0131 (ad, soyad, \u00fcnvan, \u00f6d\u0259ni\u015f m\u0259lumatlar\u0131 v\u0259 s. daxil olmaqla) toplaya bil\u0259rik.<\/p>\n<h2>Niy\u0259 m\u0259lumatlar\u0131n\u0131z\u0131 emal edirik?<\/h2>\n<p>Bizim \u0259sas prioritetimiz m\u00fc\u015ft\u0259ri t\u0259hl\u00fck\u0259sizliyidir, ona g\u00f6r\u0259 d\u0259 biz minimum istifad\u0259\u00e7i m\u0259lumatlar\u0131n\u0131 emal etm\u0259liyik: yaln\u0131z sayt\u0131 saxlamaq \u00fc\u00e7\u00fcn laz\u0131m olan q\u0259d\u0259r. Avtomatik olaraq toplanan m\u0259lumatlar yaln\u0131z potensial pozuntular\u0131 m\u00fc\u0259yy\u0259n etm\u0259k v\u0259 Saytdan istifad\u0259 haqq\u0131nda statistik m\u0259lumat \u0259ld\u0259 etm\u0259k \u00fc\u00e7\u00fcn istifad\u0259 olunur. Bu statistik m\u0259lumat sistemin konkret istifad\u0259\u00e7isini m\u00fc\u0259yy\u0259n ed\u0259 bil\u0259c\u0259k \u015f\u0259kild\u0259 y\u0131\u011f\u0131lm\u0131r.<\/p>\n<p>Siz biz\u0259 kim oldu\u011funuzu dem\u0259d\u0259n v\u0259 ya h\u0259r k\u0259sin sizi konkret bir \u015f\u0259xs kimi tan\u0131ya bil\u0259c\u0259yi h\u0259r hans\u0131 m\u0259lumat\u0131 a\u00e7\u0131qlamadan Sayta daxil ola bil\u0259rsiniz. Bununla bel\u0259, sayt\u0131n b\u0259zi funksiyalar\u0131ndan istifad\u0259 etm\u0259k, forman\u0131 doldurmaqla b\u00fclletenimizi v\u0259 ya dig\u0259r m\u0259lumatlar\u0131 \u0259ld\u0259 etm\u0259k ist\u0259yirsinizs\u0259, e-po\u00e7t \u00fcnvan\u0131n\u0131z, ad\u0131n\u0131z, soyad\u0131n\u0131z, ya\u015fay\u0131\u015f yeriniz kimi \u015f\u0259xsi m\u0259lumatlar\u0131n\u0131z\u0131 biz\u0259 t\u0259qdim ed\u0259 bil\u0259rsiniz. , t\u0259\u015fkilat, telefon. Siz \u015f\u0259xsi m\u0259lumatlar\u0131n\u0131z\u0131 biz\u0259 t\u0259qdim etm\u0259m\u0259yi se\u00e7\u0259 bil\u0259rsiniz, lakin bunu ets\u0259niz, Sayt\u0131n m\u00fc\u0259yy\u0259n x\u00fcsusiyy\u0259tl\u0259rind\u0259n istifad\u0259 ed\u0259 bilm\u0259y\u0259c\u0259ksiniz. M\u0259s\u0259l\u0259n, b\u00fclletenimizi ala bilm\u0259y\u0259c\u0259ksiniz v\u0259 ya Sayt vasit\u0259sil\u0259 birba\u015fa biziml\u0259 \u0259laq\u0259 saxlaya bilm\u0259y\u0259c\u0259ksiniz. Hans\u0131 m\u0259lumat\u0131n t\u0259l\u0259b olundu\u011fundan \u0259min olmayan istifad\u0259\u00e7il\u0259r polis@1xbet-team.com vasit\u0259sil\u0259 biziml\u0259 \u0259laq\u0259 saxlaya bil\u0259rl\u0259r.<\/p>\n<h2>H\u00fcquqlar\u0131n\u0131z:<\/h2>\n<p>\u018fg\u0259r siz Avropa sakinisinizs\u0259, \u015f\u0259xsi m\u0259lumatlar\u0131n\u0131zla ba\u011fl\u0131 a\u015fa\u011f\u0131dak\u0131 h\u00fcquqlar\u0131n\u0131z var:<\/p>\n<ul>\n<li>M\u0259lumat almaq h\u00fcququ.<\/li>\n<li>Giri\u015f h\u00fcququ.<\/li>\n<li>D\u00fcz\u0259li\u015f h\u00fcququ.<\/li>\n<li>M\u0259lumatlar\u0131n m\u0259hv edilm\u0259si h\u00fcququ.<\/li>\n<li>Emal\u0131 m\u0259hdudla\u015fd\u0131rmaq h\u00fcququ.<\/li>\n<li>M\u0259lumat da\u015f\u0131nmas\u0131 h\u00fcququ.<\/li>\n<li>B\u0259rpa h\u00fcququ.<\/li>\n<li>Avtomatla\u015fd\u0131r\u0131lm\u0131\u015f q\u0259rar q\u0259bulu v\u0259 profill\u0259\u015fdirm\u0259 il\u0259 ba\u011fl\u0131 h\u00fcquqlar.<\/li>\n<\/ul>\n<p>Bu h\u00fcquqdan istifad\u0259 etm\u0259k ist\u0259yirsinizs\u0259, a\u015fa\u011f\u0131dak\u0131 \u0259laq\u0259 m\u0259lumatlar\u0131ndan istifad\u0259 ed\u0259r\u0259k biziml\u0259 \u0259laq\u0259 saxlay\u0131n.<\/p>\n<p>Bundan \u0259lav\u0259, \u0259g\u0259r siz Avropa sakinisinizs\u0259, qeyd edirik ki, biz sizinl\u0259 ba\u011flaya bil\u0259c\u0259yimiz m\u00fcqavil\u0259l\u0259ri yerin\u0259 yetirm\u0259k (m\u0259s\u0259l\u0259n, Sayt vasit\u0259sil\u0259 sifari\u015f vers\u0259niz) v\u0259 ya yuxar\u0131da sadalanan qanuni biznes maraqlar\u0131m\u0131z\u0131 h\u0259yata ke\u00e7irm\u0259k \u00fc\u00e7\u00fcn m\u0259lumatlar\u0131n\u0131z\u0131 emal edirik. \u018flav\u0259 olaraq qeyd edin ki, m\u0259lumat\u0131n\u0131z Kanada v\u0259 AB\u015e daxil olmaqla Avropadan k\u0259nara \u00f6t\u00fcr\u00fcl\u0259 bil\u0259r.<\/p>\n<h2>\u0130nformasiya t\u0259hl\u00fck\u0259sizliyi:<\/h2>\n<p>Biz komp\u00fcter serverl\u0259rind\u0259 t\u0259qdim etdiyiniz m\u0259lumatlar\u0131 icaz\u0259siz giri\u015fd\u0259n, istifad\u0259d\u0259n v\u0259 ya a\u00e7\u0131qlanmadan qorunan idar\u0259 olunan, t\u0259hl\u00fck\u0259siz m\u00fchitd\u0259 t\u0259min edirik. Biz onun n\u0259zar\u0259ti v\u0259 saxlanmas\u0131 alt\u0131nda olan \u015f\u0259xsi m\u0259lumatlar\u0131n icaz\u0259siz daxil olmas\u0131ndan, istifad\u0259sind\u0259n, d\u0259yi\u015fdirilm\u0259sind\u0259n v\u0259 a\u00e7\u0131qlanmas\u0131ndan qorumaq \u00fc\u00e7\u00fcn a\u011flabatan inzibati, texniki v\u0259 fiziki t\u0259hl\u00fck\u0259sizlik t\u0259dbirl\u0259ri g\u00f6r\u00fcr\u00fck. Bununla bel\u0259, \u0130nternet v\u0259 ya simsiz \u015f\u0259b\u0259k\u0259 \u00fcz\u0259rind\u0259n m\u0259lumat \u00f6t\u00fcr\u00fclm\u0259sin\u0259 z\u0259man\u0259t veril\u0259 bilm\u0259z.<\/p>\n<h2>H\u00fcquqi A\u00e7\u0131qlama:<\/h2>\n<p>Biz toplad\u0131\u011f\u0131m\u0131z, istifad\u0259 etdiyimiz v\u0259 ya qanunla t\u0259l\u0259b olundu\u011fu v\u0259 ya icaz\u0259 verildiyi t\u0259qdird\u0259, m\u0259s\u0259l\u0259n, \u00e7a\u011f\u0131r\u0131\u015fa v\u0259 ya ox\u015far h\u00fcquqi proses\u0259 cavab olaraq v\u0259 h\u00fcquqlar\u0131m\u0131z\u0131, t\u0259hl\u00fck\u0259sizliyinizi v\u0259 ya h\u00fcquqlar\u0131n\u0131z\u0131 qorumaq \u00fc\u00e7\u00fcn a\u00e7\u0131qlaman\u0131n z\u0259ruri oldu\u011funa inand\u0131\u011f\u0131m\u0131z zaman a\u00e7\u0131qlayaca\u011f\u0131q. ba\u015fqalar\u0131n\u0131n t\u0259hl\u00fck\u0259sizliyi, saxtakarl\u0131\u011f\u0131 ara\u015fd\u0131rmaq v\u0259 ya h\u00f6kum\u0259tin sor\u011fusuna cavab verm\u0259k.<\/p>\n<h2>\u018flaq\u0259 m\u0259lumatlar\u0131:<\/h2>\n<p>Bu Siyas\u0259t haqq\u0131nda \u0259trafl\u0131 m\u0259lumat almaq \u00fc\u00e7\u00fcn biziml\u0259 \u0259laq\u0259 saxlamaq v\u0259 ya f\u0259rdi h\u00fcquqlar\u0131n\u0131z v\u0259 \u015e\u0259xsi M\u0259lumatlar\u0131n\u0131zla ba\u011fl\u0131 h\u0259r hans\u0131 m\u0259s\u0259l\u0259 il\u0259 ba\u011fl\u0131 biziml\u0259 \u0259laq\u0259 saxlamaq ist\u0259yirsinizs\u0259, polis@1xbet-team.com \u00fcnvan\u0131na e-po\u00e7t g\u00f6nd\u0259r\u0259 bil\u0259rsiniz.<\/p>\n","protected":false},"excerpt":{"rendered":"<p>M\u0259xfilik Siyas\u0259ti https:\/\/1xbet.com veb-sayt\u0131 \u015f\u0259xsi m\u0259lumatlar\u0131n\u0131za n\u0259zar\u0259t ed\u0259n 1xBet-\u0259 m\u0259xsusdur. Biz https:\/\/1xbet.com t\u0259r\u0259find\u0259n toplanan m\u0259lumatlarla nec\u0259 davrand\u0131\u011f\u0131m\u0131z\u0131 v\u0259 sizin haqq\u0131n\u0131zda m\u00fc\u0259yy\u0259n \u015f\u0259xsi m\u0259lumatlar\u0131 toplama\u011f\u0131m\u0131z\u0131n s\u0259b\u0259bl\u0259rini m\u00fc\u0259yy\u0259n ed\u0259n bu M\u0259xfilik Siyas\u0259tind\u0259n istifad\u0259 edirik. Buna g\u00f6r\u0259 d\u0259, https:\/\/1xbet.com sayt\u0131ndan istifad\u0259 etm\u0259zd\u0259n \u0259vv\u0259l bu M\u0259xfilik Siyas\u0259tini oxumal\u0131s\u0131n\u0131z. Biz sizin \u015f\u0259xsi m\u0259lumatlar\u0131n\u0131za \u0259h\u0259miyy\u0259t veririk v\u0259 onlar\u0131n m\u0259xfiliyin\u0259 v\u0259 t\u0259hl\u00fck\u0259sizliyin\u0259 [&hellip;]<\/p>\n","protected":false},"author":1,"featured_media":0,"parent":0,"menu_order":0,"comment_status":"closed","ping_status":"closed","template":"","meta":{"_acf_changed":false,"footnotes":""},"class_list":["post-2905","page","type-page","status-publish","hentry"],"acf":[],"yoast_head":"<!-- This site is optimized with the Yoast SEO plugin v26.9 - https:\/\/yoast.com\/product\/yoast-seo-wordpress\/ -->\n<title>1xBet-d\u0259 m\u0259lumatlar\u0131n qorunmas\u0131: Biz n\u0259 edirik<\/title>\n<meta name=\"description\" content=\"1xBet \u015f\u0259xsi m\u0259lumatlar\u0131n\u0131z\u0131 v\u0259 \u015f\u0259xsi m\u0259lumatlar\u0131n\u0131z\u0131 qorumaq \u00fc\u00e7\u00fcn n\u0259 edir.\" \/>\n<meta name=\"robots\" content=\"index, follow, max-snippet:-1, max-image-preview:large, max-video-preview:-1\" \/>\n<link rel=\"canonical\" href=\"https:\/\/bk-site-amp74.top\/az\/company-policy-az\/\" \/>\n<meta property=\"og:locale\" content=\"ru_RU\" \/>\n<meta property=\"og:type\" content=\"article\" \/>\n<meta property=\"og:title\" content=\"1xBet-d\u0259 m\u0259lumatlar\u0131n qorunmas\u0131: Biz n\u0259 edirik\" \/>\n<meta property=\"og:description\" content=\"1xBet \u015f\u0259xsi m\u0259lumatlar\u0131n\u0131z\u0131 v\u0259 \u015f\u0259xsi m\u0259lumatlar\u0131n\u0131z\u0131 qorumaq \u00fc\u00e7\u00fcn n\u0259 edir.\" \/>\n<meta property=\"og:url\" content=\"https:\/\/bk-site-amp74.top\/az\/company-policy-az\/\" \/>\n<meta property=\"og:site_name\" content=\"1xBet \u041e\u0444\u0438\u0446\u0438\u0430\u043b\u044c\u043d\u044b\u0439 C\u0430\u0439\u0442\" \/>\n<script type=\"application\/ld+json\" class=\"yoast-schema-graph\">{\"@context\":\"https:\/\/schema.org\",\"@graph\":[{\"@type\":\"WebPage\",\"@id\":\"https:\/\/bk-site-amp74.top\/az\/company-policy-az\/\",\"url\":\"https:\/\/bk-site-amp74.top\/az\/company-policy-az\/\",\"name\":\"1xBet-d\u0259 m\u0259lumatlar\u0131n qorunmas\u0131: Biz n\u0259 edirik\",\"isPartOf\":{\"@id\":\"https:\/\/bk-site-amp74.top\/#website\"},\"datePublished\":\"2026-02-06T15:06:53+00:00\",\"description\":\"1xBet \u015f\u0259xsi m\u0259lumatlar\u0131n\u0131z\u0131 v\u0259 \u015f\u0259xsi m\u0259lumatlar\u0131n\u0131z\u0131 qorumaq \u00fc\u00e7\u00fcn n\u0259 edir.\",\"breadcrumb\":{\"@id\":\"https:\/\/bk-site-amp74.top\/az\/company-policy-az\/#breadcrumb\"},\"inLanguage\":\"ru-RU\",\"potentialAction\":[{\"@type\":\"ReadAction\",\"target\":[\"https:\/\/bk-site-amp74.top\/az\/company-policy-az\/\"]}]},{\"@type\":\"BreadcrumbList\",\"@id\":\"https:\/\/bk-site-amp74.top\/az\/company-policy-az\/#breadcrumb\",\"itemListElement\":[{\"@type\":\"ListItem\",\"position\":1,\"name\":\"1\u0445\u0431\u0435\u0442\",\"item\":\"https:\/\/bk-site-amp74.top\/\"},{\"@type\":\"ListItem\",\"position\":2,\"name\":\"Company policy-az\"}]},{\"@type\":\"WebSite\",\"@id\":\"https:\/\/bk-site-amp74.top\/#website\",\"url\":\"https:\/\/bk-site-amp74.top\/\",\"name\":\"1xbet\",\"description\":\"\",\"alternateName\":\"1\u0445\u0431\u0435\u0442\",\"potentialAction\":[{\"@type\":\"SearchAction\",\"target\":{\"@type\":\"EntryPoint\",\"urlTemplate\":\"https:\/\/bk-site-amp74.top\/?s={search_term_string}\"},\"query-input\":{\"@type\":\"PropertyValueSpecification\",\"valueRequired\":true,\"valueName\":\"search_term_string\"}}],\"inLanguage\":\"ru-RU\"}]}<\/script>\n<!-- \/ Yoast SEO plugin. -->","yoast_head_json":{"title":"1xBet-d\u0259 m\u0259lumatlar\u0131n qorunmas\u0131: Biz n\u0259 edirik","description":"1xBet \u015f\u0259xsi m\u0259lumatlar\u0131n\u0131z\u0131 v\u0259 \u015f\u0259xsi m\u0259lumatlar\u0131n\u0131z\u0131 qorumaq \u00fc\u00e7\u00fcn n\u0259 edir.","robots":{"index":"index","follow":"follow","max-snippet":"max-snippet:-1","max-image-preview":"max-image-preview:large","max-video-preview":"max-video-preview:-1"},"canonical":"https:\/\/bk-site-amp74.top\/az\/company-policy-az\/","og_locale":"ru_RU","og_type":"article","og_title":"1xBet-d\u0259 m\u0259lumatlar\u0131n qorunmas\u0131: Biz n\u0259 edirik","og_description":"1xBet \u015f\u0259xsi m\u0259lumatlar\u0131n\u0131z\u0131 v\u0259 \u015f\u0259xsi m\u0259lumatlar\u0131n\u0131z\u0131 qorumaq \u00fc\u00e7\u00fcn n\u0259 edir.","og_url":"https:\/\/bk-site-amp74.top\/az\/company-policy-az\/","og_site_name":"1xBet \u041e\u0444\u0438\u0446\u0438\u0430\u043b\u044c\u043d\u044b\u0439 C\u0430\u0439\u0442","schema":{"@context":"https:\/\/schema.org","@graph":[{"@type":"WebPage","@id":"https:\/\/bk-site-amp74.top\/az\/company-policy-az\/","url":"https:\/\/bk-site-amp74.top\/az\/company-policy-az\/","name":"1xBet-d\u0259 m\u0259lumatlar\u0131n qorunmas\u0131: Biz n\u0259 edirik","isPartOf":{"@id":"https:\/\/bk-site-amp74.top\/#website"},"datePublished":"2026-02-06T15:06:53+00:00","description":"1xBet \u015f\u0259xsi m\u0259lumatlar\u0131n\u0131z\u0131 v\u0259 \u015f\u0259xsi m\u0259lumatlar\u0131n\u0131z\u0131 qorumaq \u00fc\u00e7\u00fcn n\u0259 edir.","breadcrumb":{"@id":"https:\/\/bk-site-amp74.top\/az\/company-policy-az\/#breadcrumb"},"inLanguage":"ru-RU","potentialAction":[{"@type":"ReadAction","target":["https:\/\/bk-site-amp74.top\/az\/company-policy-az\/"]}]},{"@type":"BreadcrumbList","@id":"https:\/\/bk-site-amp74.top\/az\/company-policy-az\/#breadcrumb","itemListElement":[{"@type":"ListItem","position":1,"name":"1\u0445\u0431\u0435\u0442","item":"https:\/\/bk-site-amp74.top\/"},{"@type":"ListItem","position":2,"name":"Company policy-az"}]},{"@type":"WebSite","@id":"https:\/\/bk-site-amp74.top\/#website","url":"https:\/\/bk-site-amp74.top\/","name":"1xbet","description":"","alternateName":"1\u0445\u0431\u0435\u0442","potentialAction":[{"@type":"SearchAction","target":{"@type":"EntryPoint","urlTemplate":"https:\/\/bk-site-amp74.top\/?s={search_term_string}"},"query-input":{"@type":"PropertyValueSpecification","valueRequired":true,"valueName":"search_term_string"}}],"inLanguage":"ru-RU"}]}},"amp_enabled":true,"_links":{"self":[{"href":"https:\/\/bk-site-amp74.top\/wp-json\/wp\/v2\/pages\/2905","targetHints":{"allow":["GET"]}}],"collection":[{"href":"https:\/\/bk-site-amp74.top\/wp-json\/wp\/v2\/pages"}],"about":[{"href":"https:\/\/bk-site-amp74.top\/wp-json\/wp\/v2\/types\/page"}],"author":[{"embeddable":true,"href":"https:\/\/bk-site-amp74.top\/wp-json\/wp\/v2\/users\/1"}],"replies":[{"embeddable":true,"href":"https:\/\/bk-site-amp74.top\/wp-json\/wp\/v2\/comments?post=2905"}],"version-history":[{"count":1,"href":"https:\/\/bk-site-amp74.top\/wp-json\/wp\/v2\/pages\/2905\/revisions"}],"predecessor-version":[{"id":2906,"href":"https:\/\/bk-site-amp74.top\/wp-json\/wp\/v2\/pages\/2905\/revisions\/2906"}],"wp:attachment":[{"href":"https:\/\/bk-site-amp74.top\/wp-json\/wp\/v2\/media?parent=2905"}],"curies":[{"name":"wp","href":"https:\/\/api.w.org\/{rel}","templated":true}]}}