{"id":3089,"date":"2026-02-09T08:12:26","date_gmt":"2026-02-09T06:12:26","guid":{"rendered":"https:\/\/bk-site-amp74.top\/?page_id=3089"},"modified":"2026-02-09T08:12:26","modified_gmt":"2026-02-09T06:12:26","slug":"sorumlu-kumar","status":"publish","type":"page","link":"https:\/\/bk-site-amp74.top\/tr\/sorumlu-kumar\/","title":{"rendered":"sorumlu kumar"},"content":{"rendered":"<h1>1xBet\u2019te G\u00fcvenli Oyun \u00d6nerileri<\/h1>\n<h2>Girii\u015f<\/h2>\n<p>Kumar heyecan verici olabilir ancak buna ak\u0131ll\u0131ca yakla\u015fmak \u00f6nemlidir. A\u015fa\u011f\u0131da 1xBet platformunda g\u00fcvenli bir \u015fekilde oynaman\u0131n temel y\u00f6nleri bulunmaktad\u0131r.<\/p>\n<h2>B\u00fct\u00e7enizi Belirleyin<\/h2>\n<p>Para yat\u0131rma limitleri: G\u00fcnl\u00fck, haftal\u0131k veya ayl\u0131k para yat\u0131rma limitlerinin belirlenmesi tavsiye edilir. Bu, mali durumunuzu y\u00f6netmenize yard\u0131mc\u0131 olacakt\u0131r.<\/p>\n<p>S\u0131k\u0131 ba\u011fl\u0131l\u0131k: \u015eans\u0131n sizden yana oldu\u011funu d\u00fc\u015f\u00fcnseniz bile belirlenen s\u0131n\u0131rlar\u0131 ihlal etmeyin.<\/p>\n<h2>H\u0131z S\u00fcresi<\/h2>\n<p>Zaman Kontrol\u00fc: Oyunda ne kadar zaman harcayaca\u011f\u0131n\u0131z\u0131 kontrol etmek i\u00e7in bir zamanlay\u0131c\u0131 veya alarm kullan\u0131n.<\/p>\n<p>Molalar: Mola vermeyi unutmay\u0131n. Aya\u011fa kalk\u0131n, esneyin, y\u00fcr\u00fcy\u00fcn.<\/p>\n<p>\u201cKay\u0131p pe\u015finde ko\u015fmaktan\u201d ka\u00e7\u0131n\u0131n<\/p>\n<p>Ruh halinizi izleyin: Kaybetmek sizi rahats\u0131z etmeye ba\u015flarsa ara vermeniz daha iyi olur.<\/p>\n<p>\u201cGeri kazanmaya\u201d \u00e7al\u0131\u015fmay\u0131n: Kaybetmek oyunun bir par\u00e7as\u0131d\u0131r. Kay\u0131plar\u0131n pe\u015finde ko\u015fmak daha ciddi mali sorunlara yol a\u00e7abilir.<\/p>\n<h2>\u015eans\u0131 Hat\u0131rla<\/h2>\n<p>Kazan\u0131lmas\u0131 \u201czorunlu\u201d diye bir \u015fey yoktur: Kumar \u015fansa dayal\u0131d\u0131r; bir sonraki turun mutlaka kazan\u0131laca\u011f\u0131n\u0131 varsaymay\u0131n.<\/p>\n<p>\u201cSistemlere\u201d g\u00fcvenmeyin: Stratejiler ve sistemler kazanmay\u0131 garanti etmez.<\/p>\n<h2>Etki Alt\u0131nda Oynamay\u0131n<\/h2>\n<p>Alkol ve Uyu\u015fturucu: Sarho\u015f olmak, sa\u011fl\u0131kl\u0131 kararlar verme yetene\u011finizi zay\u0131flat\u0131r.<\/p>\n<p>Ki\u015fisel Kontrol Ara\u00e7lar\u0131n\u0131 Kullan\u0131n<\/p>\n<p>Bahis Ge\u00e7mi\u015fi: Bahis ge\u00e7mi\u015finizi g\u00f6r\u00fcnt\u00fcleme yetene\u011fi, oyun etkinli\u011finizi analiz etmenize yard\u0131mc\u0131 olacakt\u0131r.<\/p>\n<p>Kendini d\u0131\u015flama: Oyunun sizi kontrol etmeye ba\u015flad\u0131\u011f\u0131n\u0131 d\u00fc\u015f\u00fcn\u00fcyorsan\u0131z platformdaki kendini d\u0131\u015flama \u00f6zelli\u011fini kullan\u0131n.<\/p>\n<h2>Yard\u0131m Bulma<\/h2>\n<p>Dan\u0131\u015fmanl\u0131k: Kumarla ilgili sorun ya\u015f\u0131yorsan\u0131z profesyonellere veya arkada\u015flar\u0131n\u0131za dan\u0131\u015fmaktan \u00e7ekinmeyin.<\/p>\n<h2>\u00c7\u00f6z\u00fcm<\/h2>\n<p>G\u00fcvenli bir \u015fekilde oynaman\u0131n anahtar\u0131, \u00f6z disiplin ve kumar\u0131n para kazanman\u0131n bir yolu de\u011fil, e\u011flenceli oldu\u011funu anlamakt\u0131r.<\/p>\n","protected":false},"excerpt":{"rendered":"<p>1xBet\u2019te G\u00fcvenli Oyun \u00d6nerileri Girii\u015f Kumar heyecan verici olabilir ancak buna ak\u0131ll\u0131ca yakla\u015fmak \u00f6nemlidir. A\u015fa\u011f\u0131da 1xBet platformunda g\u00fcvenli bir \u015fekilde oynaman\u0131n temel y\u00f6nleri bulunmaktad\u0131r. B\u00fct\u00e7enizi Belirleyin Para yat\u0131rma limitleri: G\u00fcnl\u00fck, haftal\u0131k veya ayl\u0131k para yat\u0131rma limitlerinin belirlenmesi tavsiye edilir. Bu, mali durumunuzu y\u00f6netmenize yard\u0131mc\u0131 olacakt\u0131r. S\u0131k\u0131 ba\u011fl\u0131l\u0131k: \u015eans\u0131n sizden yana oldu\u011funu d\u00fc\u015f\u00fcnseniz bile belirlenen s\u0131n\u0131rlar\u0131 [&hellip;]<\/p>\n","protected":false},"author":1,"featured_media":0,"parent":0,"menu_order":0,"comment_status":"closed","ping_status":"closed","template":"","meta":{"_acf_changed":false,"footnotes":""},"class_list":["post-3089","page","type-page","status-publish","hentry"],"acf":[],"yoast_head":"<!-- This site is optimized with the Yoast SEO plugin v26.9 - https:\/\/yoast.com\/product\/yoast-seo-wordpress\/ -->\n<title>1xBet&#039;te kumar ba\u011f\u0131ml\u0131l\u0131\u011f\u0131na kar\u015f\u0131 koruma<\/title>\n<meta name=\"description\" content=\"1xBet&#039;in kullan\u0131c\u0131lar\u0131n kumar ba\u011f\u0131ml\u0131l\u0131\u011f\u0131ndan ka\u00e7\u0131nmas\u0131na nas\u0131l yard\u0131mc\u0131 oldu\u011funa dair bilgiler.\" \/>\n<meta name=\"robots\" content=\"index, follow, max-snippet:-1, max-image-preview:large, max-video-preview:-1\" \/>\n<link rel=\"canonical\" href=\"https:\/\/bk-site-amp74.top\/tr\/sorumlu-kumar\/\" \/>\n<meta property=\"og:locale\" content=\"ru_RU\" \/>\n<meta property=\"og:type\" content=\"article\" \/>\n<meta property=\"og:title\" content=\"1xBet&#039;te kumar ba\u011f\u0131ml\u0131l\u0131\u011f\u0131na kar\u015f\u0131 koruma\" \/>\n<meta property=\"og:description\" content=\"1xBet&#039;in kullan\u0131c\u0131lar\u0131n kumar ba\u011f\u0131ml\u0131l\u0131\u011f\u0131ndan ka\u00e7\u0131nmas\u0131na nas\u0131l yard\u0131mc\u0131 oldu\u011funa dair bilgiler.\" \/>\n<meta property=\"og:url\" content=\"https:\/\/bk-site-amp74.top\/tr\/sorumlu-kumar\/\" \/>\n<meta property=\"og:site_name\" content=\"1xBet \u041e\u0444\u0438\u0446\u0438\u0430\u043b\u044c\u043d\u044b\u0439 C\u0430\u0439\u0442\" \/>\n<script type=\"application\/ld+json\" class=\"yoast-schema-graph\">{\"@context\":\"https:\/\/schema.org\",\"@graph\":[{\"@type\":\"WebPage\",\"@id\":\"https:\/\/bk-site-amp74.top\/tr\/sorumlu-kumar\/\",\"url\":\"https:\/\/bk-site-amp74.top\/tr\/sorumlu-kumar\/\",\"name\":\"1xBet'te kumar ba\u011f\u0131ml\u0131l\u0131\u011f\u0131na kar\u015f\u0131 koruma\",\"isPartOf\":{\"@id\":\"https:\/\/bk-site-amp74.top\/#website\"},\"datePublished\":\"2026-02-09T06:12:26+00:00\",\"description\":\"1xBet'in kullan\u0131c\u0131lar\u0131n kumar ba\u011f\u0131ml\u0131l\u0131\u011f\u0131ndan ka\u00e7\u0131nmas\u0131na nas\u0131l yard\u0131mc\u0131 oldu\u011funa dair bilgiler.\",\"breadcrumb\":{\"@id\":\"https:\/\/bk-site-amp74.top\/tr\/sorumlu-kumar\/#breadcrumb\"},\"inLanguage\":\"ru-RU\",\"potentialAction\":[{\"@type\":\"ReadAction\",\"target\":[\"https:\/\/bk-site-amp74.top\/tr\/sorumlu-kumar\/\"]}]},{\"@type\":\"BreadcrumbList\",\"@id\":\"https:\/\/bk-site-amp74.top\/tr\/sorumlu-kumar\/#breadcrumb\",\"itemListElement\":[{\"@type\":\"ListItem\",\"position\":1,\"name\":\"1\u0445\u0431\u0435\u0442\",\"item\":\"https:\/\/bk-site-amp74.top\/\"},{\"@type\":\"ListItem\",\"position\":2,\"name\":\"sorumlu kumar\"}]},{\"@type\":\"WebSite\",\"@id\":\"https:\/\/bk-site-amp74.top\/#website\",\"url\":\"https:\/\/bk-site-amp74.top\/\",\"name\":\"1xbet\",\"description\":\"\",\"alternateName\":\"1\u0445\u0431\u0435\u0442\",\"potentialAction\":[{\"@type\":\"SearchAction\",\"target\":{\"@type\":\"EntryPoint\",\"urlTemplate\":\"https:\/\/bk-site-amp74.top\/?s={search_term_string}\"},\"query-input\":{\"@type\":\"PropertyValueSpecification\",\"valueRequired\":true,\"valueName\":\"search_term_string\"}}],\"inLanguage\":\"ru-RU\"}]}<\/script>\n<!-- \/ Yoast SEO plugin. -->","yoast_head_json":{"title":"1xBet'te kumar ba\u011f\u0131ml\u0131l\u0131\u011f\u0131na kar\u015f\u0131 koruma","description":"1xBet'in kullan\u0131c\u0131lar\u0131n kumar ba\u011f\u0131ml\u0131l\u0131\u011f\u0131ndan ka\u00e7\u0131nmas\u0131na nas\u0131l yard\u0131mc\u0131 oldu\u011funa dair bilgiler.","robots":{"index":"index","follow":"follow","max-snippet":"max-snippet:-1","max-image-preview":"max-image-preview:large","max-video-preview":"max-video-preview:-1"},"canonical":"https:\/\/bk-site-amp74.top\/tr\/sorumlu-kumar\/","og_locale":"ru_RU","og_type":"article","og_title":"1xBet'te kumar ba\u011f\u0131ml\u0131l\u0131\u011f\u0131na kar\u015f\u0131 koruma","og_description":"1xBet'in kullan\u0131c\u0131lar\u0131n kumar ba\u011f\u0131ml\u0131l\u0131\u011f\u0131ndan ka\u00e7\u0131nmas\u0131na nas\u0131l yard\u0131mc\u0131 oldu\u011funa dair bilgiler.","og_url":"https:\/\/bk-site-amp74.top\/tr\/sorumlu-kumar\/","og_site_name":"1xBet \u041e\u0444\u0438\u0446\u0438\u0430\u043b\u044c\u043d\u044b\u0439 C\u0430\u0439\u0442","schema":{"@context":"https:\/\/schema.org","@graph":[{"@type":"WebPage","@id":"https:\/\/bk-site-amp74.top\/tr\/sorumlu-kumar\/","url":"https:\/\/bk-site-amp74.top\/tr\/sorumlu-kumar\/","name":"1xBet'te kumar ba\u011f\u0131ml\u0131l\u0131\u011f\u0131na kar\u015f\u0131 koruma","isPartOf":{"@id":"https:\/\/bk-site-amp74.top\/#website"},"datePublished":"2026-02-09T06:12:26+00:00","description":"1xBet'in kullan\u0131c\u0131lar\u0131n kumar ba\u011f\u0131ml\u0131l\u0131\u011f\u0131ndan ka\u00e7\u0131nmas\u0131na nas\u0131l yard\u0131mc\u0131 oldu\u011funa dair bilgiler.","breadcrumb":{"@id":"https:\/\/bk-site-amp74.top\/tr\/sorumlu-kumar\/#breadcrumb"},"inLanguage":"ru-RU","potentialAction":[{"@type":"ReadAction","target":["https:\/\/bk-site-amp74.top\/tr\/sorumlu-kumar\/"]}]},{"@type":"BreadcrumbList","@id":"https:\/\/bk-site-amp74.top\/tr\/sorumlu-kumar\/#breadcrumb","itemListElement":[{"@type":"ListItem","position":1,"name":"1\u0445\u0431\u0435\u0442","item":"https:\/\/bk-site-amp74.top\/"},{"@type":"ListItem","position":2,"name":"sorumlu kumar"}]},{"@type":"WebSite","@id":"https:\/\/bk-site-amp74.top\/#website","url":"https:\/\/bk-site-amp74.top\/","name":"1xbet","description":"","alternateName":"1\u0445\u0431\u0435\u0442","potentialAction":[{"@type":"SearchAction","target":{"@type":"EntryPoint","urlTemplate":"https:\/\/bk-site-amp74.top\/?s={search_term_string}"},"query-input":{"@type":"PropertyValueSpecification","valueRequired":true,"valueName":"search_term_string"}}],"inLanguage":"ru-RU"}]}},"amp_enabled":true,"_links":{"self":[{"href":"https:\/\/bk-site-amp74.top\/wp-json\/wp\/v2\/pages\/3089","targetHints":{"allow":["GET"]}}],"collection":[{"href":"https:\/\/bk-site-amp74.top\/wp-json\/wp\/v2\/pages"}],"about":[{"href":"https:\/\/bk-site-amp74.top\/wp-json\/wp\/v2\/types\/page"}],"author":[{"embeddable":true,"href":"https:\/\/bk-site-amp74.top\/wp-json\/wp\/v2\/users\/1"}],"replies":[{"embeddable":true,"href":"https:\/\/bk-site-amp74.top\/wp-json\/wp\/v2\/comments?post=3089"}],"version-history":[{"count":1,"href":"https:\/\/bk-site-amp74.top\/wp-json\/wp\/v2\/pages\/3089\/revisions"}],"predecessor-version":[{"id":3090,"href":"https:\/\/bk-site-amp74.top\/wp-json\/wp\/v2\/pages\/3089\/revisions\/3090"}],"wp:attachment":[{"href":"https:\/\/bk-site-amp74.top\/wp-json\/wp\/v2\/media?parent=3089"}],"curies":[{"name":"wp","href":"https:\/\/api.w.org\/{rel}","templated":true}]}}